x + 41. Give u(21).
-22
Let j(m) = -2*m**3 + 2*m**2 - 3*m + 4. Determine j(2).
-10
Let s(q) = 4*q**2 - 5*q - 5. What is s(-2)?
21
Let x(o) = o**2 + 54*o + 330. What is x(-47)?
1
Let v(u) = -8*u - 1. Give v(2).
-17
Let i(g) = g**2 - 1. Give i(-2).
3
Let w(s) = s**3 + 5*s**2 - 9. Calculate w(-5).
-9
Let o(h) = h**3 + 3*h**2 + 2*h + 2. What is o(-2)?
2
Let u(v) = -3*v**2 + 23*v + 52. Give u(-2).
-6
Let j(u) = -3*u**2 + 12*u - 15. Give j(8).
-111
Let y(q) = 5*q**2 + 1. Give y(1).
6
Let r(f) = f**3 - f**2 - f + 1. Give r(4).
45
Let y(s) = -s**2 - 5*s - 6. Calculate y(-2).
0
Let v(s) = -s**2 - 19*s - 6. What is v(5)?
-126
Let y(a) = -6*a**3 + a**2 - 2*a. Determine y(2).
-48
Let c(k) = k**3 + 15*k**2 + 3*k + 45. Calculate c(-15).
0
Let v(a) = a**2 + 5*a + 1. What is v(-3)?
-5
Let s(g) = -g**2 + 4*g + 25. Give s(6).
13
Let g(b) = -b**3 + 6*b**2 + 5*b + 7. Give g(7).
-7
Let d(n) = -3*n**2 - 2*n + 1. Give d(-2).
-7
Let c(s) = s**2 + 43*s - 1435. Determine c(-65).
-5
Let g(f) = -f**3 + 20*f**2 + 2*f - 51. Determine g(20).
-11
Let c(g) = -g**3 + 11*g**2 - 10*g + 9. Determine c(10).
9
Let y(l) = 2*l**2 - 21*l + 63. Determine y(5).
8
Let v(y) = 4*y**2 - 14*y + 4. Calculate v(3).
-2
Let c(v) = 2*v**2 + 29*v. Determine c(-14).
-14
Let a(f) = f**3 + 4*f**2 + 4*f - 2. Calculate a(-4).
-18
Let x(b) = b**2 - 7*b + 19. Calculate x(4).
7
Let i(k) = -2*k**3 - 10*k**2 + 13*k + 11. Calculate i(-5).
-54
Let x(z) = -z + 10. Calculate x(4).
6
Let n(w) = 10*w**2 + 5*w - 2. What is n(-1)?
3
Let y(m) = 17*m + 1. Give y(-1).
-16
Let f(s) = s**3 + 4*s**2 + s + 6. Determine f(-5).
-24
Let m(g) = g**3 + 10*g**2 + 4*g + 58. Calculate m(-10).
18
Let i(w) = -w + 4. Calculate i(5).
-1
Let c(g) = -15*g + 20. Give c(2).
-10
Let v(f) = -2*f**3 + 21*f**2 + 118*f + 5. Determine v(-4).
-3
Let v(u) = -u**3 - 11*u**2 - 9*u + 26. Calculate v(-10).
16
Let p(b) = 4*b + 68. Determine p(-13).
16
Let d(s) = -s**3 - 13*s**2 - 9*s + 18. Give d(-12).
-18
Let u(g) = 2*g**3 - 36*g**2 - g + 13. Determine u(18).
-5
Let d(k) = k**2 + 5*k + 2. Calculate d(-5).
2
Let k(g) = -g**2 - 16*g - 24. Determine k(-13).
15
Let o(n) = -2*n**3 - n**2 + 2*n + 2. What is o(-1)?
1
Let d(b) = -6*b**2 + 2*b + 3. Give d(-1).
-5
Let y(u) = -7*u**2 - 2. Determine y(-1).
-9
Let j(o) = o**2 - 8*o + 5. Calculate j(5).
-10
Let l(a) = -a**3 + 37*a**2 + 35*a + 106. Calculate l(38).
-8
Let l(a) = a**2 + 6*a - 8. Give l(-6).
-8
Let w(h) = h - 26. Determine w(0).
-26
Let y(r) = -3*r**3 + 2*r**2 + 3*r + 1. What is y(-2)?
27
Let x(n) = 20*n - 41. Determine x(3).
19
Let a(g) = g**2 - 3*g - 4. Give a(-3).
14
Let m(v) = -4*v**2 + v - 2. Calculate m(1).
-5
Let t(j) = 38*j**2 + 4*j + 9. What is t(-2)?
153
Let k(g) = -11*g - 104. Calculate k(-10).
6
Let c(v) = 6*v + 80. Calculate c(-10).
20
Let q(a) = -20*a - 137. What is q(-7)?
3
Let a(r) = r + 45. Calculate a(-20).
25
Let z(j) = j + 4. Calculate z(-2).
2
Let q(x) = -2*x**2 + 15*x + 11. Calculate q(10).
-39
Let b(m) = -m + 10. Calculate b(14).
-4
Let b(f) = f**2 - 8. Calculate b(6).
28
Let l(h) = -22*h + 12. Calculate l(1).
-10
Let a(h) = 4*h + 1. What is a(1)?
5
Let i(v) = -v**2 - 16*v + 20. What is i(-10)?
80
Let k(o) = -7*o - 219. Calculate k(-33).
12
Let i(c) = c**3 + 16*c**2 + 32*c + 11. Determine i(-13).
102
Let p(d) = 2*d**2 + 18*d - 58. Determine p(-12).
14
Let d(u) = 4*u**3 - u + 1. Calculate d(-2).
-29
Let t(u) = u**3 + 4*u**2 - 9*u + 11. Determine t(-6).
-7
Let l(q) = 12*q - 131. Determine l(10).
-11
Let w(k) = k**3 + 5*k**2 - k - 7. Give w(-6).
-37
Let n(s) = s**2 - 6*s + 6. Give n(5).
1
Let y(x) = x**3 - 5*x**2 + 12. Give y(2).
0
Let s(m) = -7*m - 39. What is s(-11)?
38
Let b(m) = 2*m**2 + 37*m + 27. Calculate b(-18).
9
Let q(p) = 5*p - 11. Calculate q(-12).
-71
Let x(r) = r**2 - 16*r + 63. What is x(10)?
3
Let w(g) = -g**2 - 16*g + 16. Determine w(-13).
55
Let c(z) = z**3 + 3*z**2 + z. Give c(-3).
-3
Let a(t) = -t**3 - 10*t**2 + 26*t + 30. Determine a(-12).
6
Let v(x) = 29*x**2 + x + 2. Determine v(-1).
30
Let a(t) = t**3 - 5*t**2 - 3*t + 27. Calculate a(4).
-1
Let w(f) = -f - 18. Calculate w(6).
-24
Let u(i) = 2*i**2 + 34*i + 55. Determine u(-12).
-65
Let c(u) = -u + 8. What is c(-12)?
20
Let g(p) = p**2 + 26*p + 62. What is g(-15)?
-103
Let s(o) = -o**2 - 9*o - 7. What is s(-7)?
7
Let u(l) = -2*l - 10. Calculate u(-3).
-4
Let a(v) = v**3 - 8*v**2 - 44*v - 13. Give a(12).
35
Let n(t) = 3*t**2 + 3*t + 17. Give n(-6).
107
Let z(t) = 53*t**2 - 4*t - 5. What is z(-1)?
52
Let i(t) = t. Determine i(-9).
-9
Let c(k) = -7*k**2 + k + 7. What is c(-3)?
-59
Let i(h) = -h**3 - 3*h**2 + h - 2. Determine i(-4).
10
Let d(f) = -f**3 + 10*f**2 - 15*f - 7. What is d(6)?
47
Let l(i) = -i**2 + 37*i + 116. Give l(-3).
-4
Let i(o) = -13*o + 31. Determine i(-13).
200
Let f(o) = -o**2 - 5*o - 6. Calculate f(-6).
-12
Let r(a) = -a**3 - 7*a**2 - 5*a + 14. Determine r(-6).
8
Let y(b) = b**3 - 16*b**2 + 16*b - 15. Give y(15).
0
Let v(y) = y**2 - 4*y + 4. Give v(5).
9
Let m(n) = 2*n**2 - 3*n + 1. What is m(2)?
3
Let w(f) = 2*f**2 + 30*f - 11. What is w(-17)?
57
Let h(g) = -3*g + 23. Calculate h(8).
-1
Let l(h) = 17*h + 77. Calculate l(-5).
-8
Let l(z) = 26*z. Give l(2).
52
Let j(k) = k**3 - 19*k**2 - 22*k. Give j(20).
-40
Let r(l) = -2*l**3 - 5*l**2 - 9*l - 7. Determine r(-3).
29
Let y(c) = -c**2 + 16*c - 54. What is y(5)?
1
Let v(i) = -5*i**2 - i - 2. What is v(-2)?
-20
Let i(h) = 8*h - 1. Calculate i(1).
7
Let w(a) = -a**2 + 8*a - 2. What is w(7)?
5
Let m(a) = -3*a**2 + 25*a - 10. Determine m(8).
-2
Let x(d) = d**3 - 6*d**2 + 12*d + 4. Calculate x(4).
20
Let j(x) = -5*x + 1. What is j(-2)?
11
Let x(a) = a**2 + 15*a - 1. Determine x(-12).
-37
Let b(j) = -j**3 - 8*j**2 + 5*j - 2. What is b(-6)?
-104
Let i(s) = -69*s**3 + s - 1. What is i(1)?
-69
Let f(t) = 10*t**3 - t**2 - 2*t - 3. Give f(2).
69
Let y(i) = i**3 + 10*i**2 + 21*i - 10. Determine y(-6).
8
Let s(k) = -2*k - 10. Give s(-8).
6
Let i(f) = -2*f + 8. Calculate i(4).
0
Let t(f) = 3*f**2 + 3*f + 3. What is t(3)?
39
Let y(q) = q - 1. Give y(3).
2
Let u(q) = q**3 + 5*q**2 - 9*q + 23. Give u(-8).
-97
Let w(y) = 10*y + 14. What is w(-3)?
-16
Let d(m) = m**3 + 7*m**2 - m - 8. Determine d(-7).
-1
Let p(b) = 7*b - 2. Calculate p(4).
26
Let o(v) = 4*v + 16. Give o(-6).
-8
Let a(h) = h + 2. Determine a(4).
6
Let l(f) = f**2 - 10*f + 13. Give l(6).
-11
Let i(v) = 6*v + 1. Calculate i(1).
7
Let z(w) = -6*w - 90. What is z(-13)?
-12
Let n(g) = 18*g - 126. Give n(7).
0
Let u(w) = w + 12. Calculate u(-7).
5
Let r(x) = x**3 - 3*x**2 + 3*x - 6. Calculate r(3).
3
Let x(y) = -y**3 + 8*y - 8. Give x(3).
-11
Let a(p) = 3*p - 3. Determine a(11).
30
Let m(k) = -k**2 + 7*k - 10. Give m(4).
2
Let f(q) = q - 16. Determine f(11).
-5
Let c(a) = -32*a - 3. What is c(1)?
-35
Let v(c) = c**3 - 14*c**2 + 24*c - 140. Determine v(13).
3
Let x(g) = -2*g - 9. Determine x(-5).
1
Let y(n) = -n**2 - 52*n - 185. What is y(-4)?
7
Let g(p) = p**3 + 16*p**2 + 20*p + 51. What is g(-15)?
-24
Let c(z) = -2*z**3 - 3*z**2 - 2*z - 1. What is c(-2)?
7
Let o(w) = w**2 - 8*w + 7. Calculate o(4).
-9
Let b(s) = -2*s**2 - 18*s + 19. Calculate b(-9).
19
Let p(t) = -t**3 + t + 3. Determine p(-2).
9
Let b(f) = -f + 8. Calculate b(14).
-6
Let o(n) = 6*n - 10. Calculate o(11).
56
Let x(h) = h**3 - 4*h**2 - 10*h + 9. Determine x(6).
21
Let k(g) = -g**3 - 33*g**2 - 59*g + 95. What is k(-31)?
2
Let n(c) = -c**3 + 8*c**2 + 8*c + 6. What is n(9)?
-3
Let p(g) = -g**3 + 3*g**2 + 26*g + 4. What is p(7)?
-10
Let z(r) = r + 33. Determine z(-14).
19
Let g(l) = 4*l - 62. Calculate g(17).
6
Let f(o) = o**2 - 3. Determine f(-4).
13
Let s(v) = v**2 + 52*v + 481. Calculate s(-12).
1
Let s(t) = -4*t**2 - 23*t - 27. Give s(-10).
-197
Let o(m) = 19*m + 8. Determine o(-2).
-30
Let l(y) = -y**2 + y + 15. What is l(0)?
15
Let b(q) = q**3 + 5*q**2 + 2*q + 8. What is b(-4)?
16
Let l(i) = -2*i**2 + 63*i + 23. Calculate l(32).
-9
Let m(i) = i**3 - 10*i**2 + 7*i + 6. Calculate m(9).
-12
Let o(m) = 6*m**2 + 4*m - 3. Determine o(-3).
39
Let s(z) = z**3 - 10*z**2 - 10*z + 9. Calculate s(11).
20
Let t(r) = -6*r + 24. Calculate t(6).
-12
Let h(d) = 2*d**3 + 10*d**2 - 167*d + 16. Calculate h(-12).
4
Let z(x) = -7*x + 52. Calculate z(25).
-123
Let w(p) = 2*p**2 - 48*p + 41. What is w(23)?
-5
Let p(r) = 2*r + 123. Determine p(-28).
67
